[INFO] fetching crate shipliftExp 0.5.2...
[INFO] checking shipliftExp-0.5.2 against try#72f88fc4e9458f89516a0b8b0868f3718aec5b47 for pr-74989
[INFO] extracting crate shipliftExp 0.5.2 into /workspace/builds/worker-8/source
[INFO] validating manifest of crates.io crate shipliftExp 0.5.2 on toolchain 72f88fc4e9458f89516a0b8b0868f3718aec5b47
[INFO] running `Command { std: "/workspace/cargo-home/bin/cargo" "+72f88fc4e9458f89516a0b8b0868f3718aec5b47" "read-manifest" "--manifest-path" "Cargo.toml", kill_on_drop: false }`
[INFO] started tweaking crates.io crate shipliftExp 0.5.2
[INFO] finished tweaking crates.io crate shipliftExp 0.5.2
[INFO] tweaked toml for crates.io crate shipliftExp 0.5.2 written to /workspace/builds/worker-8/source/Cargo.toml
[INFO] crate crates.io crate shipliftExp 0.5.2 already has a lockfile, it will not be regenerated
[INFO] running `Command { std: "/workspace/cargo-home/bin/cargo" "+72f88fc4e9458f89516a0b8b0868f3718aec5b47" "fetch" "--locked" "--manifest-path" "Cargo.toml", kill_on_drop: false }`
[INFO] [stderr]     Blocking waiting for file lock on package cache
[INFO] [stderr]     Blocking waiting for file lock on package cache
[INFO] [stderr]  Downloading crates ...
[INFO] [stderr]   Downloaded tar v0.4.26
[INFO] [stderr]   Downloaded miniz_oxide v0.3.3
[INFO] [stderr]   Downloaded hyper-openssl v0.7.1
[INFO] [stderr]   Downloaded filetime v0.2.7
[INFO] [stderr]   Downloaded tokio-openssl v0.3.0
[INFO] [stderr]   Downloaded openssl-sys v0.9.51
[INFO] [stderr]   Downloaded flate2 v1.0.12
[INFO] [stderr]   Downloaded ryu v1.0.1
[INFO] [stderr]   Downloaded linked_hash_set v0.1.3
[INFO] [stderr]   Downloaded hyperlocal v0.6.0
[INFO] [stderr]   Downloaded openssl-src v111.6.0+1.1.1d
[INFO] running `Command { std: "docker" "create" "-v" "/var/lib/crater-agent-workspace/builds/worker-8/target:/opt/rustwide/target:rw,Z" "-v" "/var/lib/crater-agent-workspace/builds/worker-8/source:/opt/rustwide/workdir:ro,Z" "-v" "/var/lib/crater-agent-workspace/cargo-home:/opt/rustwide/cargo-home:ro,Z" "-v" "/var/lib/crater-agent-workspace/rustup-home:/opt/rustwide/rustup-home:ro,Z" "-e" "SOURCE_DIR=/opt/rustwide/workdir" "-e" "CARGO_TARGET_DIR=/opt/rustwide/target" "-e" "CARGO_HOME=/opt/rustwide/cargo-home" "-e" "RUSTUP_HOME=/opt/rustwide/rustup-home" "-w" "/opt/rustwide/workdir" "-m" "1610612736" "--user" "0:0" "--network" "none" "rustops/crates-build-env@sha256:d92eaeed33fa75130ca1ee6c8a01d1ffb62bac859dfdfb3450e3e5d1c0146529" "/opt/rustwide/cargo-home/bin/cargo" "+72f88fc4e9458f89516a0b8b0868f3718aec5b47" "metadata" "--no-deps" "--format-version=1", kill_on_drop: false }`
[INFO] [stdout] de8fe29f287821d8598b92f63f80c8bc0f57ec4c19b8761cac9cfc05d5f30240
[INFO] [stderr] WARNING: Your kernel does not support swap limit capabilities or the cgroup is not mounted. Memory limited without swap.
[INFO] running `Command { std: "docker" "start" "-a" "de8fe29f287821d8598b92f63f80c8bc0f57ec4c19b8761cac9cfc05d5f30240", kill_on_drop: false }`
[INFO] running `Command { std: "docker" "inspect" "de8fe29f287821d8598b92f63f80c8bc0f57ec4c19b8761cac9cfc05d5f30240", kill_on_drop: false }`
[INFO] running `Command { std: "docker" "rm" "-f" "de8fe29f287821d8598b92f63f80c8bc0f57ec4c19b8761cac9cfc05d5f30240", kill_on_drop: false }`
[INFO] [stdout] de8fe29f287821d8598b92f63f80c8bc0f57ec4c19b8761cac9cfc05d5f30240
[INFO] running `Command { std: "docker" "create" "-v" "/var/lib/crater-agent-workspace/builds/worker-8/target:/opt/rustwide/target:rw,Z" "-v" "/var/lib/crater-agent-workspace/builds/worker-8/source:/opt/rustwide/workdir:ro,Z" "-v" "/var/lib/crater-agent-workspace/cargo-home:/opt/rustwide/cargo-home:ro,Z" "-v" "/var/lib/crater-agent-workspace/rustup-home:/opt/rustwide/rustup-home:ro,Z" "-e" "SOURCE_DIR=/opt/rustwide/workdir" "-e" "CARGO_TARGET_DIR=/opt/rustwide/target" "-e" "CARGO_INCREMENTAL=0" "-e" "RUST_BACKTRACE=full" "-e" "RUSTFLAGS=--cap-lints=forbid" "-e" "CARGO_HOME=/opt/rustwide/cargo-home" "-e" "RUSTUP_HOME=/opt/rustwide/rustup-home" "-w" "/opt/rustwide/workdir" "-m" "1610612736" "--user" "0:0" "--network" "none" "rustops/crates-build-env@sha256:d92eaeed33fa75130ca1ee6c8a01d1ffb62bac859dfdfb3450e3e5d1c0146529" "/opt/rustwide/cargo-home/bin/cargo" "+72f88fc4e9458f89516a0b8b0868f3718aec5b47" "check" "--frozen" "--all" "--all-targets" "--message-format=json", kill_on_drop: false }`
[INFO] [stdout] 61f7690221fc80109859cb0420afb044fe56c6c4b053ff26937d61054ef3aa77
[INFO] [stderr] WARNING: Your kernel does not support swap limit capabilities or the cgroup is not mounted. Memory limited without swap.
[INFO] running `Command { std: "docker" "start" "-a" "61f7690221fc80109859cb0420afb044fe56c6c4b053ff26937d61054ef3aa77", kill_on_drop: false }`
[INFO] [stderr]    Compiling libc v0.2.62
[INFO] [stderr]    Compiling semver-parser v0.7.0
[INFO] [stderr]     Checking futures v0.1.29
[INFO] [stderr]    Compiling byteorder v1.3.2
[INFO] [stderr]    Compiling autocfg v0.1.6
[INFO] [stderr]     Checking smallvec v0.6.10
[INFO] [stderr]    Compiling arrayvec v0.4.12
[INFO] [stderr]     Checking nodrop v0.1.14
[INFO] [stderr]    Compiling cc v1.0.45
[INFO] [stderr]    Compiling pkg-config v0.3.16
[INFO] [stderr]    Compiling proc-macro2 v1.0.5
[INFO] [stderr]    Compiling syn v1.0.5
[INFO] [stderr]    Compiling bitflags v1.2.0
[INFO] [stderr]    Compiling openssl v0.10.25
[INFO] [stderr]     Checking try-lock v0.2.2
[INFO] [stderr]     Checking indexmap v1.2.0
[INFO] [stderr]    Compiling serde v1.0.101
[INFO] [stderr]    Compiling crc32fast v1.2.0
[INFO] [stderr]    Compiling ryu v1.0.1
[INFO] [stderr]    Compiling hyper-openssl v0.7.1
[INFO] [stderr]     Checking quick-error v1.2.2
[INFO] [stderr]     Checking hex v0.3.2
[INFO] [stderr]     Checking mime v0.3.14
[INFO] [stderr]     Checking crossbeam-utils v0.6.6
[INFO] [stderr]     Checking lock_api v0.3.1
[INFO] [stderr]     Checking thread_local v0.3.6
[INFO] [stderr]     Checking unicode-normalization v0.1.8
[INFO] [stderr]    Compiling semver v0.9.0
[INFO] [stderr]     Checking linked_hash_set v0.1.3
[INFO] [stderr]     Checking miniz_oxide v0.3.3
[INFO] [stderr]    Compiling openssl-src v111.6.0+1.1.1d
[INFO] [stderr]     Checking humantime v1.3.0
[INFO] [stderr]    Compiling num-traits v0.2.8
[INFO] [stderr]    Compiling num-integer v0.1.41
[INFO] [stderr]     Checking log v0.4.8
[INFO] [stderr]     Checking crossbeam-queue v0.1.2
[INFO] [stderr]    Compiling rustc_version v0.2.3
[INFO] [stderr]     Checking regex v1.3.1
[INFO] [stderr]     Checking base64 v0.10.1
[INFO] [stderr]     Checking iovec v0.1.4
[INFO] [stderr]     Checking num_cpus v1.10.1
[INFO] [stderr]     Checking net2 v0.2.33
[INFO] [stderr]     Checking time v0.1.42
[INFO] [stderr]     Checking xattr v0.2.2
[INFO] [stderr]     Checking filetime v0.2.7
[INFO] [stderr]     Checking flate2 v1.0.12
[INFO] [stderr]     Checking atty v0.2.13
[INFO] [stderr]     Checking tokio-executor v0.1.8
[INFO] [stderr]     Checking tokio-sync v0.1.7
[INFO] [stderr]     Checking want v0.2.0
[INFO] [stderr]    Compiling openssl-sys v0.9.51
[INFO] [stderr]    Compiling parking_lot_core v0.6.2
[INFO] [stderr]    Compiling memoffset v0.5.1
[INFO] [stderr]    Compiling parking_lot v0.9.0
[INFO] [stderr]    Compiling hyper v0.12.35
[INFO] [stderr]     Checking futures-cpupool v0.1.8
[INFO] [stderr]     Checking bytes v0.4.12
[INFO] [stderr]    Compiling quote v1.0.2
[INFO] [stderr]     Checking tar v0.4.26
[INFO] [stderr]     Checking tokio-timer v0.2.11
[INFO] [stderr]     Checking tokio-current-thread v0.1.6
[INFO] [stderr]     Checking mio v0.6.19
[INFO] [stderr]     Checking idna v0.1.5
[INFO] [stderr]     Checking crossbeam-epoch v0.7.2
[INFO] [stderr]     Checking tokio-io v0.1.12
[INFO] [stderr]     Checking http v0.1.18
[INFO] [stderr]     Checking string v0.2.1
[INFO] [stderr]     Checking tokio-buf v0.1.1
[INFO] [stderr]     Checking env_logger v0.6.2
[INFO] [stderr]     Checking crossbeam-deque v0.7.1
[INFO] [stderr]     Checking tokio-threadpool v0.1.16
[INFO] [stderr]     Checking mio-uds v0.6.7
[INFO] [stderr]     Checking url v1.7.2
[INFO] [stderr]     Checking tokio-reactor v0.1.10
[INFO] [stderr]     Checking tokio-codec v0.1.1
[INFO] [stderr]     Checking tokio-fs v0.1.6
[INFO] [stderr]     Checking tokio-udp v0.1.5
[INFO] [stderr]     Checking tokio-uds v0.2.5
[INFO] [stderr]     Checking tokio-tcp v0.1.3
[INFO] [stderr]     Checking tokio v0.1.22
[INFO] [stderr]     Checking http-body v0.1.0
[INFO] [stderr]     Checking h2 v0.1.26
[INFO] [stderr]    Compiling serde_derive v1.0.101
[INFO] [stderr]     Checking hyperlocal v0.6.0
[INFO] [stderr]     Checking serde_json v1.0.41
[INFO] [stderr]     Checking chrono v0.4.9
[INFO] [stderr]     Checking tokio-openssl v0.3.0
[INFO] [stderr]     Checking shipliftExp v0.5.2 (/opt/rustwide/workdir)
[INFO] [stdout] error[E0061]: this function takes 2 arguments but 3 arguments were supplied
[INFO] [stdout]     --> src/builder.rs:1678:14
[INFO] [stdout]      |
[INFO] [stdout] 688  | /     pub fn expose(
[INFO] [stdout] 689  | |         &mut self,
[INFO] [stdout] 690  | |         srcport: u32,
[INFO] [stdout] 691  | |         protocol: &str,
[INFO] [stdout] 692  | |     ) -> &mut Self {
[INFO] [stdout]      | |__________________- defined here
[INFO] [stdout] ...
[INFO] [stdout] 1678 |               .expose(80, "tcp", 8080)
[INFO] [stdout]      |                ^^^^^^ --  -----  ---- supplied 3 arguments
[INFO] [stdout]      |                |
[INFO] [stdout]      |                expected 2 arguments
[INFO] [stdout] 
[INFO] [stdout] 
[INFO] [stdout] error[E0061]: this function takes 2 arguments but 3 arguments were supplied
[INFO] [stdout]     --> src/builder.rs:1686:14
[INFO] [stdout]      |
[INFO] [stdout] 688  | /     pub fn expose(
[INFO] [stdout] 689  | |         &mut self,
[INFO] [stdout] 690  | |         srcport: u32,
[INFO] [stdout] 691  | |         protocol: &str,
[INFO] [stdout] 692  | |     ) -> &mut Self {
[INFO] [stdout]      | |__________________- defined here
[INFO] [stdout] ...
[INFO] [stdout] 1686 |               .expose(80, "tcp", 8080)
[INFO] [stdout]      |                ^^^^^^ --  -----  ---- supplied 3 arguments
[INFO] [stdout]      |                |
[INFO] [stdout]      |                expected 2 arguments
[INFO] [stdout] 
[INFO] [stdout] 
[INFO] [stdout] error[E0061]: this function takes 2 arguments but 3 arguments were supplied
[INFO] [stdout]     --> src/builder.rs:1687:14
[INFO] [stdout]      |
[INFO] [stdout] 688  | /     pub fn expose(
[INFO] [stdout] 689  | |         &mut self,
[INFO] [stdout] 690  | |         srcport: u32,
[INFO] [stdout] 691  | |         protocol: &str,
[INFO] [stdout] 692  | |     ) -> &mut Self {
[INFO] [stdout]      | |__________________- defined here
[INFO] [stdout] ...
[INFO] [stdout] 1687 |               .expose(81, "tcp", 8081)
[INFO] [stdout]      |                ^^^^^^ --  -----  ---- supplied 3 arguments
[INFO] [stdout]      |                |
[INFO] [stdout]      |                expected 2 arguments
[INFO] [stdout] 
[INFO] [stdout] 
[INFO] [stdout] warning: use of deprecated associated function `std::error::Error::description`: use the Display impl or to_string()
[INFO] [stdout]   --> src/errors.rs:71:43
[INFO] [stdout]    |
[INFO] [stdout] 71 |             Error::SerdeJsonError(e) => e.description(),
[INFO] [stdout]    |                                           ^^^^^^^^^^^
[INFO] [stdout]    |
[INFO] [stdout]    = note: `#[warn(deprecated)]` on by default
[INFO] [stdout] 
[INFO] [stdout] 
[INFO] [stdout] warning: use of deprecated associated function `std::error::Error::description`: use the Display impl or to_string()
[INFO] [stdout]   --> src/errors.rs:72:34
[INFO] [stdout]    |
[INFO] [stdout] 72 |             Error::Hyper(e) => e.description(),
[INFO] [stdout]    |                                  ^^^^^^^^^^^
[INFO] [stdout] 
[INFO] [stdout] 
[INFO] [stdout] warning: use of deprecated associated function `std::error::Error::description`: use the Display impl or to_string()
[INFO] [stdout]   --> src/errors.rs:73:33
[INFO] [stdout]    |
[INFO] [stdout] 73 |             Error::Http(e) => e.description(),
[INFO] [stdout]    |                                 ^^^^^^^^^^^
[INFO] [stdout] 
[INFO] [stdout] 
[INFO] [stdout] warning: use of deprecated associated function `std::error::Error::description`: use the Display impl or to_string()
[INFO] [stdout]   --> src/errors.rs:74:31
[INFO] [stdout]    |
[INFO] [stdout] 74 |             Error::IO(e) => e.description(),
[INFO] [stdout]    |                               ^^^^^^^^^^^
[INFO] [stdout] 
[INFO] [stdout] 
[INFO] [stdout] warning: use of deprecated associated function `std::error::Error::description`: use the Display impl or to_string()
[INFO] [stdout]   --> src/errors.rs:75:37
[INFO] [stdout]    |
[INFO] [stdout] 75 |             Error::Encoding(e) => e.description(),
[INFO] [stdout]    |                                     ^^^^^^^^^^^
[INFO] [stdout] 
[INFO] [stdout] 
[INFO] [stdout] warning: use of deprecated associated function `std::error::Error::description`: use the Display impl or to_string()
[INFO] [stdout]   --> src/errors.rs:71:43
[INFO] [stdout]    |
[INFO] [stdout] 71 |             Error::SerdeJsonError(e) => e.description(),
[INFO] [stdout]    |                                           ^^^^^^^^^^^
[INFO] [stdout]    |
[INFO] [stdout]    = note: `#[warn(deprecated)]` on by default
[INFO] [stdout] 
[INFO] [stdout] 
[INFO] [stdout] warning: use of deprecated associated function `std::error::Error::description`: use the Display impl or to_string()
[INFO] [stdout]   --> src/errors.rs:72:34
[INFO] [stdout]    |
[INFO] [stdout] 72 |             Error::Hyper(e) => e.description(),
[INFO] [stdout]    |                                  ^^^^^^^^^^^
[INFO] [stdout] 
[INFO] [stdout] 
[INFO] [stdout] warning: use of deprecated associated function `std::error::Error::description`: use the Display impl or to_string()
[INFO] [stdout]   --> src/errors.rs:73:33
[INFO] [stdout]    |
[INFO] [stdout] 73 |             Error::Http(e) => e.description(),
[INFO] [stdout]    |                                 ^^^^^^^^^^^
[INFO] [stdout] 
[INFO] [stdout] 
[INFO] [stdout] warning: use of deprecated associated function `std::error::Error::description`: use the Display impl or to_string()
[INFO] [stdout]   --> src/errors.rs:74:31
[INFO] [stdout]    |
[INFO] [stdout] 74 |             Error::IO(e) => e.description(),
[INFO] [stdout]    |                               ^^^^^^^^^^^
[INFO] [stdout] 
[INFO] [stdout] 
[INFO] [stdout] warning: use of deprecated associated function `std::error::Error::description`: use the Display impl or to_string()
[INFO] [stdout]   --> src/errors.rs:75:37
[INFO] [stdout]    |
[INFO] [stdout] 75 |             Error::Encoding(e) => e.description(),
[INFO] [stdout]    |                                     ^^^^^^^^^^^
[INFO] [stdout] 
[INFO] [stdout] 
[INFO] [stdout] error: aborting due to 3 previous errors; 5 warnings emitted
[INFO] [stdout] 
[INFO] [stdout] 
[INFO] [stdout] For more information about this error, try `rustc --explain E0061`.
[INFO] [stdout] 
[INFO] [stderr] error: could not compile `shipliftExp`.
[INFO] [stderr] 
[INFO] [stderr] To learn more, run the command again with --verbose.
[INFO] [stderr] warning: build failed, waiting for other jobs to finish...
[INFO] [stdout] warning: crate `shipliftExp` should have a snake case name
[INFO] [stdout]   |
[INFO] [stdout]   = note: `#[warn(non_snake_case)]` on by default
[INFO] [stdout]   = help: convert the identifier to snake case: `shiplift_exp`
[INFO] [stdout] 
[INFO] [stdout] 
[INFO] [stdout] warning: 6 warnings emitted
[INFO] [stdout] 
[INFO] [stdout] 
[INFO] [stderr] error: build failed
[INFO] running `Command { std: "docker" "inspect" "61f7690221fc80109859cb0420afb044fe56c6c4b053ff26937d61054ef3aa77", kill_on_drop: false }`
[INFO] running `Command { std: "docker" "rm" "-f" "61f7690221fc80109859cb0420afb044fe56c6c4b053ff26937d61054ef3aa77", kill_on_drop: false }`
[INFO] [stdout] 61f7690221fc80109859cb0420afb044fe56c6c4b053ff26937d61054ef3aa77
